{"id":51,"date":"2024-06-01T19:59:14","date_gmt":"2024-06-01T17:59:14","guid":{"rendered":"https:\/\/philippebouffet.com\/?page_id=51"},"modified":"2024-06-01T19:59:14","modified_gmt":"2024-06-01T17:59:14","slug":"non-responsabilite","status":"publish","type":"page","link":"https:\/\/philippebouffet.com\/index.php\/non-responsabilite\/","title":{"rendered":"Non-Responsabilit\u00e9"},"content":{"rendered":"\n<p>Tout le contenu de ce blog est fourni \u00e0 titre d&rsquo;information uniquement. Je ne garantis ni l&rsquo;exactitude ni l&rsquo;exhaustivit\u00e9 des informations figurant sur ce site ou trouv\u00e9es en suivant un lien quelconque sur ce site. Je ne suis pas responsable des erreurs ou omissions dans ces informations, ni de la disponibilit\u00e9 de ces informations. Je ne serai pas responsable des pertes, blessures ou dommages r\u00e9sultant de l&rsquo;affichage ou de l&rsquo;utilisation de ces informations.<\/p>\n\n\n\n<p>Les opinions exprim\u00e9es ici sont mes opinions personnelles. Le contenu publi\u00e9 ici n&rsquo;a pas \u00e9t\u00e9 lu ou approuv\u00e9 \u00e0 l&rsquo;avance par les entreprises mentionn\u00e9es et ne refl\u00e8te pas n\u00e9cessairement les points de vue et les opinions de ces entreprises, pas plus qu&rsquo;il ne constitue une communication officielle de leur part.<\/p>\n\n\n\n<p>Consultez toujours la documentation officielle h\u00e9berg\u00e9e par l&rsquo;une ou l&rsquo;autre entreprise pour obtenir de l&rsquo;aide ou des informations techniques v\u00e9rifi\u00e9es.<\/p>\n","protected":false},"excerpt":{"rendered":"<p>Tout le contenu de ce blog est fourni \u00e0 titre d&rsquo;information uniquement. Je ne garantis ni l&rsquo;exactitude ni l&rsquo;exhaustivit\u00e9 des informations figurant sur ce site ou trouv\u00e9es en suivant un lien quelconque sur ce site. Je ne suis pas responsable des erreurs ou omissions dans ces informations, ni de la disponibilit\u00e9 de ces informations. Je [&hellip;]<\/p>\n","protected":false},"author":1,"featured_media":0,"parent":0,"menu_order":0,"comment_status":"closed","ping_status":"closed","template":"","meta":{"footnotes":""},"class_list":["post-51","page","type-page","status-publish","hentry"],"blocksy_meta":[],"_links":{"self":[{"href":"https:\/\/philippebouffet.com\/index.php\/wp-json\/wp\/v2\/pages\/51","targetHints":{"allow":["GET"]}}],"collection":[{"href":"https:\/\/philippebouffet.com\/index.php\/wp-json\/wp\/v2\/pages"}],"about":[{"href":"https:\/\/philippebouffet.com\/index.php\/wp-json\/wp\/v2\/types\/page"}],"author":[{"embeddable":true,"href":"https:\/\/philippebouffet.com\/index.php\/wp-json\/wp\/v2\/users\/1"}],"replies":[{"embeddable":true,"href":"https:\/\/philippebouffet.com\/index.php\/wp-json\/wp\/v2\/comments?post=51"}],"version-history":[{"count":1,"href":"https:\/\/philippebouffet.com\/index.php\/wp-json\/wp\/v2\/pages\/51\/revisions"}],"predecessor-version":[{"id":53,"href":"https:\/\/philippebouffet.com\/index.php\/wp-json\/wp\/v2\/pages\/51\/revisions\/53"}],"wp:attachment":[{"href":"https:\/\/philippebouffet.com\/index.php\/wp-json\/wp\/v2\/media?parent=51"}],"curies":[{"name":"wp","href":"https:\/\/api.w.org\/{rel}","templated":true}]}}